- 5*a + 1928 = -6*a. Suppose 0 = -5*p + m + 9689, p - 4*m - 1568 = o. Is p prime?
False
Suppose a - 4*r - 3548 = -3*r, a = -5*r + 3572. Let n = -1511 + a. Is n a prime number?
False
Suppose -12 = -3*v, -6749981 + 1945792 = -9*q + 5*v. Is q prime?
True
Suppose 2150047 = 7*k - 3*o, 4*o = -4*k + 1209858 + 18706. Is k a prime number?
True
Let j = -132688 + 545775. Is j composite?
False
Let v = -30 - -55. Let r = -49 + 78. Suppose v*d = r*d - 3548. Is d a prime number?
True
Let u = 261716 - 57889. Is u a composite number?
True
Let q be 3*-1 - (4 - 12). Suppose -3*o - 4 = -q*o. Suppose o*l + 31 = 3*l. Is l a prime number?
True
Suppose -4 = 8*i - 9*i, 0 = -4*j + i + 22320. Is j a prime number?
True
Suppose -11*m + 35 = -31. Suppose 11277 = -m*p + 27*p. Is p composite?
True
Let o be (27/(-18))/(3/(-8)). Is 0 + 6238/o + 9/6 composite?
True
Suppose -4*j + 2 = -5*a, -6*j = -j - 15. Let w be 4 + 6/(-3) + a. Suppose -4*q + 3160 = -w*k, 3 + 12 = -5*k. Is q prime?
True
Suppose -8*n + 20 + 60 = 0. Suppose -6401 = -n*m + 4589. Is m a composite number?
True
Suppose -s + 3*p + 8525 = 0, -4*s - 4*p - 2828 = -36896. Let m = s + -4552. Is m a prime number?
True
Let d be (1 - -6)*(-1191)/(-12)*4. Suppose -2*t - 5*p = -d, -4*p - 2803 = -2*t - p. Is t a composite number?
True
Is 13/78*(-7 + 4)*-11158 a prime number?
False
Suppose 0*b - 2*b = -5*c + 15, -35 = -5*c - 2*b. Suppose -c*t - 2*f + 5*f + 27 = 0, 3*f + 6 = -2*t. Suppose t*g = 6 + 1617. Is g a composite number?
False
Let m(n) be the third derivative of n**4/8 - 7*n**3/3 + 37*n**2. Let q be m(6). Suppose 0 = -q*j - 2301 + 9889. Is j a prime number?
False
Let u(k) = 5*k**2 - 6*k - 9. Suppose 0 = -4*d + 2*n - 206, d + 157 = -2*d + n. Let x = d - -52. Is u(x) a prime number?
True
Is (90/24)/(87086/(-174184) - (-18)/36) a composite number?
True
Suppose -4*o = o + 2*l - 21, 0 = 5*o - 5*l - 35. Suppose -o*z - p = 4*p + 45, -2*z + 5*p = 18. Let i = 88 + z. Is i a composite number?
False
Let r = 308513 + 79946. Is r a composite number?
False
Suppose 12*t + 45 + 183 = 0. Is 9/45*t*-1055 composite?
True
Let u = 340055 + -234886. Is u prime?
False
Let g be (-9)/(-12) - (-6)/(-8). Suppose -4*z + 4*q + 3540 = -0*q, g = -2*z - q + 1776. Is z prime?
True
Suppose -v + 7 = 2*y, v - 2*y = 5 - 6. Suppose 28082 = v*u - 21775. Is u prime?
True
Is 3*(-24)/324 + ((-357898)/18)/(-1) prime?
False
Let a(m) = 123*m**3 - 9*m**2 - 3*m - 4. Is a(7) a composite number?
True
Let y be 775 - 3*4/6. Let v be 27 + (3 - 25) + (0 - -1567). Let q = v - y. Is q composite?
True
Suppose 0 = -11*f + 20 - 31. Is (17255/10 - f)*(3 + -1) a composite number?
True
Let k be ((-15)/5)/(2 + 21/(-7)). Suppose -3*d = k*f - 15262 - 2678, -2*f + d + 11963 = 0. Is f prime?
True
Suppose 62 - 56 = 2*d. Let f(v) = 693*v - 52. Is f(d) a prime number?
True
Let n(i) = i**2 + 25*i - 2 + 7*i**2 - 6. Let f be (-63)/(-6)*(10 + -8 + -4). Is n(f) a composite number?
True
Suppose 25 = 3*j + 4*y, j + 2*j - 4*y = 17. Is 2 + -9 + 6 - j*-254 a prime number?
True
Let u(l) = -234*l**2 + 13*l + 6. Let z(c) = -156*c**2 + 9*c + 4. Let i(s) = -5*u(s) + 7*z(s). Let g be i(4). Let y = g + -749. Is y composite?
True
Suppose 9 = -3*j - 3, j + 673 = y. Let w(t) = y*t + 75 - 75. Is w(1) a prime number?
False
Let h(r) = 67*r**3 - 42*r**2 + 445*r - 39. Is h(11) composite?
False
Suppose 0*i + 5*i = -5*n - 5, 2*n + 14 = 4*i. Suppose 0 = -b - 5*o + 1874, b - i*o + 694 = 2568. Is b a prime number?
False
Let y = 111735 + 708824. Is y a composite number?
False
Let m be -2*((-27)/6 + 4). Let n be m/2 - (-1)/(6/(-10497)). Is 1/9*-3*n prime?
False
Let d(g) = 87*g - 27. Let w be d(25). Is (w - -1)/(-10 + 11) a composite number?
True
Let l(k) = -18912*k + 11. Let p be ((-225)/60 + 3)*(-4)/(-3). Is l(p) composite?
True
Suppose -j + 2*x = -1025193, 5*j + 4*x + 3108995 = 8234988. Is j prime?
True
Is 0 + -1 - (1184266/(-14) + (-60)/(-140)) prime?
True
Suppose 59*w - 48*w - 168201 = 0. Is (w/6 + -5)/((-3)/(-12)) composite?
True
Suppose 274*l - 124*l - 6077318 = 124*l. Is l composite?
False
Suppose 0 = -80*y + 78*y - 12660. Let s = y + 3274. Let t = s - -5841. Is t a composite number?
True
Let x(z) = 155*z**2 - 6*z + 1 - 2*z + 10 - 20. Is x(-4) prime?
True
Let l = 42408 + -24718. Let c = -11153 + l. Is c a composite number?
True
Suppose 2*n = -4*m + 172630, 4*n + 21*m - 345278 = 19*m. Is n a composite number?
True
Suppose 48*t - 6608121 = -3*t. Is t a composite number?
True
Suppose -u + 14*s = 18*s - 12329, -15 = -5*s. Is u a composite number?
True
Suppose 0 = 130*b - 36610673 - 72906782 + 32063325. Is b a prime number?
True
Let p = 4 + -10. Let c be -1*(p/(-21) + 9/(-7)). Suppose 126 = r - c. Is r a prime number?
True
Is -10*1 - -1*(-3707895)/(-15) prime?
True
Suppose -5*l = -h - 922753, -2*h + 87237 = -l + 271793. Suppose -308*b - l = -318*b. Is b a prime number?
False
Let x(z) = -3171*z**3 - 22*z**2 - 64*z + 21. Is x(-5) prime?
False
Let u be 6442584/(-15) + 4/(-10). Is (-9)/6 - u/28 prime?
False
Suppose -31*o + 180 = -o. Suppose o*y - 10457 - 409 = 0. Is y a prime number?
True
Let h be (-3 - -8)*((-14)/5 + 3). Let r(u) = u**3 + 3*u**2 + 6*u - 3. Let b(o) = o**3 - o - 1. Let z(p) = h*r(p) + 2*b(p). Is z(3) prime?
False
Let i be 9226/7 - ((-2)/2 + 0). Let d = i - -2934. Is d a composite number?
False
Let y(t) = -22139*t + 1740. Is y(-19) composite?
True
Let g = -2327 + -459. Let j = 864 - 1803. Let r = j - g. Is r a prime number?
True
Let l be (-16 - -13)*10/(-3). Suppose 8*j - l = 3*j. Suppose t = -1, -t = -r + j*t + 2290. Is r composite?
False
Let s(b) = -2*b**3 + 132*b**2 - 22*b - 467. Is s(53) a composite number?
True
Suppose 35*f - 12 = 33*f. Suppose -6*x + f + 12 = 0. Suppose r - x*b = 6*r - 2459, 2*r + 4*b - 978 = 0. Is r composite?
True
Let b(f) = 136848*f**3 - 7*f**2 + 10*f - 4. Is b(1) a composite number?
True
Let l be -22*2/3*-2172. Suppose 2*r = -6*r + l. Let h = r + -2261. Is h a prime number?
True
Let y(r) = -r**3 - 6*r**2 - 3*r + 7. Let x(u) = u**3 + 12*u**2 + u + 7. Let t be x(-12). Let k be y(t). Let c(f) = -7*f**3 - 4*f + 1. Is c(k) a prime number?
False
Let f be (-3 - (-338)/10)*-340. Let u = -5937 - f. Let d = -3142 + u. Is d prime?
False
Is (-1 - -1815)*(3 + 10/(-5)) a composite number?
True
Let p = 30416 + 62945. Is p a prime number?
False
Let t(u) = 312749*u**2 - 210*u + 210. Is t(1) composite?
True
Let f = -75 + 21. Let a be f/21*(-84)/18. Let l(c) = 91*c - 13. Is l(a) a composite number?
True
Let u be 31/(-341) + 131782/22. Suppose 5*b = 3*k + 14975, -2*k + u = -b + 3*b. Is b composite?
True
Is 9/((-792)/(-13938694)) - 20/16 a prime number?
True
Let x(b) be the third derivative of 307*b**4/8 + 8*b**3/3 + 81*b**2. Is x(1) composite?
False
Let l be (-9)/(-18) - (-3)/2. Is (l/(-4))/(476085/(-59510) - -8) prime?
False
Is 5/(140/150647) + (-15)/(-100)*5 composite?
False
Let a = -2149 + 3089. Let r = a + -518. Is r prime?
False
Suppose 7*f = 5*b + 5*f - 147422, 2*f + 58964 = 2*b. Let r = -11433 + b. Is r a composite number?
True
Suppose -32 = -2*z + 5*b - b, 3*z = 3*b + 33. Let q be 3/z - (-21)/6. Is 30824/12 + (q/6)/2 a composite number?
True
Suppose 0 = -h - 104*l + 101*l + 51515, 154553 = 3*h + 5*l. Is h a composite number?
False
Let r(u) = -u**2 + 10*u - 12. Let t be r(8). Suppose q + 0*k - 25425 = -t*k, 0 = 6*q + 4*k - 152470. Is q a prime number?
True
Suppose -15597*r + 1309025 = -15572*r. Is r a composite number?
False
Let q(d) = -2815*d - 24. Is q(-5) a composite number?
False
Is (-87014952)/(-351) - (-12)/78 composite?
True
Suppose b - 5*f = 682, 4*b - 1388 - 1302 = f. Let o(l) = 153*l**2 + l. Let p be o(-1). Suppose -2*z + h = -170 - p, -4*z + b = 5*h. Is z a composite number?
False
Suppose 6436 = -31*d + 33*d. Suppose 9 = 5*q - 2*q. Suppose 2215 = q*x - d. Is x prime?
True
Suppose -72 = 8*s - 4*s. Let h = -21 - s. Is (-4528)/(-12) + 1/h composite?
True
Let b(r) = 5 - 2 + 1 + 25*r - 1. Let h be b(-8). Let o = h - -284. Is o composite?
True
Suppose -4*i - 288 = -12*i. Let a be i/10*((-40)/12 - -5). Suppose 839 = a*b - 2119. Is b a composite number?
True
Let d = 52 + -44. Let s(q) = -9*q + 3*q**2 - 4*q**2 + 14 + q**3 + d*q. Is s(0) a prime number?
False
Let b = -2205 + 1282. Let t = b + -696. Let w = -948 - t. Is w prime?
False
Suppose r + 94 + 631 = 0. Let z(g) = -7*g**2 - 39*g +